 third derivative of -z**4 - z**3/6 + 23*z**2. Calculate a(-1).
23
Let r(l) = -l**2 - 9*l - 13. Let j be r(-6). Let x(g) = -g**2 + g - 2. Let s be x(2). Let t = s + j. Let h(q) = -2*q. What is h(t)?
-2
Let x(u) be the second derivative of u**5/20 - u**4/4 + u**3/3 + u**2/2 + 2*u. Calculate x(3).
7
Let t(f) = 2 - 8 - 3*f + 4. Give t(-3).
7
Let l(o) = -11*o**2 + 12*o - 12. Let j(s) = -5*s**2 + 6*s - 6. Let v(y) = -13*j(y) + 6*l(y). Let p = 4 - 1. Let i(h) = -2*h. Let r be i(p). Determine v(r).
6
Let u be 2/12*4*6. Let v = u - 5. Let z(o) = -3*o**3. Give z(v).
3
Let n(w) = -3*w - 5. Let p(v) be the first derivative of -3*v**2/2 - 4*v + 1. Let c(i) = -3*n(i) + 4*p(i). Determine c(-2).
5
Let u(x) = x**2 - 3*x. Let r be u(5). Suppose 5*z - 5 + r = 0. Let s(m) = -3*m - 1. Determine s(z).
2
Suppose 5*m - 5*w = -9 - 1, -16 = 2*m - 5*w. Let u(k) = 2*k**m - 5*k + 2*k**3 - 2*k**3 - k**3 + 3*k**2 + 4. Give u(4).
0
Let s(f) = -f**2 + f + 6. Let w(d) be the third derivative of -d**6/120 - d**5/30 - d**4/24 - d**3/3 - d**2. Let n be w(-2). What is s(n)?
6
Let i(c) = -c**2 + 13*c - 1. Let a = -107 + 120. Calculate i(a).
-1
Suppose m - 8 = -2*m - y, y = -4. Suppose -2*w - 3*w + 10 = 5*h, m*h - 8 = 4*w. Let x(t) = 4 - 5*t + 2*t + 2*t. What is x(w)?
4
Suppose 0 = -u - 4*x + 18, 5*u + 4*x = 2 + 8. Let r be 8/u - (-9)/(-9). Let a(t) = t**2 + 3*t + 5. Calculate a(r).
15
Let g(y) = y**2 - 13*y + 13. Let t be g(12). Suppose -k - 5*m = -t, m + m - 16 = -3*k. Let b(a) = a**3 - 6*a**2 - 1. Determine b(k).
-1
Let l(k) be the first derivative of -k - 1/2*k**2 - 2. Give l(3).
-4
Let f(q) be the third derivative of 1/60*q**5 + 0 + 6*q**2 + 0*q - 1/12*q**4 + 2/3*q**3 + 1/120*q**6. Give f(-3).
-8
Let m = -9 - -8. Let u = m + 1. Let k(p) = p**3 - p**2 - p + 5. Give k(u).
5
Let h(t) = -t**3 - 7*t**2 + 8*t - 9. Let a = -189 - -181. Determine h(a).
-9
Let o = -44 + 66. Suppose 4*z - o = -3*w, 3*w + 3*z = -2*w + 22. Let r(a) = 4*a + 0 + a**w - 2 + a. Determine r(-4).
-6
Let k(s) be the second derivative of -s**3/6 - 2*s**2 - 17*s. Give k(-8).
4
Let f(o) be the third derivative of o**4/24 - o**3/6 - 2*o**2. Let w(c) = -c**3 - 3*c**2 + 1. Let j be w(-1). Calculate f(j).
-2
Let x(c) = -4*c**2 - 46*c + 3*c**2 + 38*c - 6. Give x(-7).
1
Let j(d) be the first derivative of -d**4/4 + 5*d**3/3 + d**2/2 + 8*d - 11. Determine j(6).
-22
Let l = 22 - 19. Let k(f) = f + 1. Give k(l).
4
Let m(a) = a**3 + 3*a**2 + 3. Let o(j) = j - 11. Let c be o(7). Let q = c + 1. What is m(q)?
3
Suppose -2*z + 5*z = -12. Let a = 8 + z. Suppose -a*b + 9*b = -15. Let f(p) = p**3 + 4*p**2 - 3. What is f(b)?
6
Let u(t) = -2*t**3 - t - 3. Let y = -14 - -9. Let r(d) = 3*d**3 - d**2 + 3*d + 7. Let s(w) = y*u(w) - 3*r(w). Determine s(-4).
-6
Suppose -1 = -j + 1. Let g(u) = 3*u - 24. Let w be g(9). Let b(i) = -3*i**j + 2*i**w + i**2 + 0*i**3 - 2*i + 3*i**3 - 1. Determine b(-1).
-6
Let l(w) = -w**3 + w**2 + w + 2. Suppose 9*d - 4*d = 25. Suppose t + 4 = r, -3*t + 0*t = 4*r + d. Suppose n = 3 - r. Give l(n).
0
Let z(f) = 2*f + 16 - 29 - 9*f**2 + 15 + 2*f**2. What is z(2)?
-22
Let q(i) = i**3 + 4*i**2 - 3*i - 4. Let k be 10 - (3 - 7 - -3). Suppose -5*h = -3*r + 26, -5*h + 1 = 5*r + k. Calculate q(h).
8
Let o(l) = 9 - 10 + l**2 + 9 + 4. Give o(0).
12
Let d(x) = -x**2 - 5*x - 4. Let t be d(-3). Let v(b) = 3*b - 4*b - 9 + b**t + 9. Give v(3).
6
Suppose 2*b - 6 - 4 = 0. Let m(k) = -k. What is m(b)?
-5
Let d(f) = -f**2 - 8*f - 4. Suppose 4*l + 8 = -4. Let y be ((-18)/6)/(l/(-6)). What is d(y)?
8
Let l(a) = 3*a - 6. Suppose 0 = 2*h + 2*h - 40. Let p = -6 + h. What is l(p)?
6
Let h = 1 + -2. Suppose -3*a + 25 = 2*a. Let t(i) = 2*i**3 + i**2 + i + 3*i - 1 + 5*i**3 - a*i. Calculate t(h).
-6
Let x(y) be the first derivative of 1/3*y**3 - 5/2*y**2 + 2 - 5*y. Suppose 5*q + 3*t - 18 = 0, -q + 4*q + 5*t + 2 = 0. Give x(q).
1
Let p(w) be the first derivative of 3 + 0*w**2 - 7/3*w**3 + 0*w. What is p(-1)?
-7
Suppose 4*y = 4*g + 15 + 21, 0 = -4*y - 5*g. Suppose y*m = 20, 2*m = h - 2*h + 13. Let o(z) = z**2 - 4*z + 1. What is o(h)?
6
Let x(j) = 7*j**2 - j - 1. Suppose 4 + 1 = -5*u. What is x(u)?
7
Let a = -2 + 7. Suppose a*j + 20 = -10. Let k(m) = 2*m + 2*m - 5*m - 13. What is k(j)?
-7
Suppose 5 = 6*u - 5*u. Suppose -u*y - y = 42. Let n(t) = t + 9. Determine n(y).
2
Let t be -2*3/12*2. Let k(d) = -d**3 - 1. Let r(q) = -q**3 - 4*q - 5. Let c(z) = t*r(z) + 2*k(z). Suppose 6*w = 3*w - 6. Calculate c(w).
3
Let m(t) = -t**2 - 10*t - 4. Let c be -5 - -1 - (-2 + -1). Let p(j) = -j - 1. Let s(b) = c*m(b) + 4*p(b). Give s(-5).
-5
Let m(l) = l - 3*l**3 + 2*l**3 - 3*l**2 - 6 + 2*l**2. Determine m(0).
-6
Let q be 10/(-15)*-6 + 1*-5. Let l(d) = 23*d. Give l(q).
-23
Let m be (6/2)/(-1 - -2). Suppose 0 = -m*g - 9 + 30. Suppose g*p = 5*q + 3*p + 23, -2*q = -4*p + 14. Let d(n) = -2*n - 3. What is d(q)?
3
Let f(q) be the second derivative of q**5/20 + q**4/3 + q**3/6 + 2*q**2 - 3*q. Let o(x) = x**2 - 9*x + 10. Let m be o(7). Determine f(m).
0
Suppose -4*o + 0*o = -12. Let c(p) = -p**3 + 2*p + 4. Give c(o).
-17
Let m(w) = w. Let i(j) be the first derivative of -5*j**2 + j + 1. Suppose -13*l - 4 = -11*l. Let o(t) = l*m(t) - i(t). Calculate o(-1).
-9
Let k(m) be the second derivative of -m**7/840 - m**6/360 - m**5/60 - m**4/8 - m**3/3 + 3*m. Let y(z) be the second derivative of k(z). Give y(-2).
5
Let n(t) = -8*t**2 + 6*t + 5*t**2 + 2*t**2. Determine n(3).
9
Suppose 0*b - b + 6 = 0. Suppose -3*f + 5 + 13 = 0. Let x(s) = 4*s - s**2 + 5 + 5 + 2 - f. Give x(b).
-6
Let a(c) be the third derivative of -c**5/12 - c**4/12 + c**3/6 - 9*c**2. Calculate a(1).
-6
Suppose -4*x - 2*m = 14, 0*m - 3*m = -3*x - 6. Let j(c) = -c**3 - 5*c**2 - 2*c + 1. Let t(z) = -z**3 - 5*z**2 - 3*z. Let b(i) = -2*j(i) + 3*t(i). What is b(x)?
-5
Let w(m) = -m**3 + 2*m**2 + 14*m - 17. Let k(o) = -o**3 + 3*o**2 + 13*o - 16. Let d(g) = 5*k(g) - 4*w(g). Calculate d(8).
-4
Let w be 8/48*10*2/20. Let h(v) be the third derivative of 1/24*v**4 + 0 + 4*v**2 - 1/60*v**5 + w*v**3 + 0*v. What is h(-2)?
-5
Let u(q) be the third derivative of q**7/840 - q**6/90 - q**5/60 - q**4/24 + q**3/6 - 6*q**2. Let c(z) be the first derivative of u(z). What is c(4)?
-9
Suppose 2*d + 3 = 9. Let v(i) = i**3 + i**2 - 2*i. Let w be v(-2). Suppose -n + w*n = d. Let y(t) = -t**3 - 4*t**2 - 5*t - 3. What is y(n)?
3
Let t(o) = 2*o - 3. Let i(m) = m - 2. Let f(z) = 5*i(z) - 3*t(z). Determine f(-5).
4
Let y(q) = -q + 7. Let d be y(12). Let p(j) = -j**2 - 12*j + 2. Let h(w) = w**2 + 8*w - 1. Let s(x) = d*p(x) - 7*h(x). Determine s(2).
-3
Let l(j) = j + 2. Let d be 5/(-1)*24/(-30). Determine l(d).
6
Let l(p) = p**3 - 4*p**2 + 3. Suppose i - 3 = -k - 6, -2*i + 2*k = -14. Let m be 1 + (-4)/(1 - i). Suppose 4*r - 31 = -m*f, 3*r + 0*f = 4*f. Give l(r).
3
Let i(m) = 3*m - 23 + 3*m - 2*m + 15*m**2 + 22 - 16*m**2. Let z(v) = -v**3 - 3*v**2 - 2*v - 3. Let p be z(-3). Give i(p).
2
Suppose 3*k + 0 = -18. Let a be -1*1*(5 + k). Let c be (0/(-2))/a + -2. Let t(j) = -j**3 + j**2 + 4*j + 3. Calculate t(c).
7
Let r be ((-10)/4)/((-1)/2). Let d(c) be the first derivative of -c**4/4 + 5*c**3/3 - c**2/2 - 5. What is d(r)?
-5
Let r(q) = q**2 - 7*q - 3. Let c(n) = n - 1. Let o(y) = 2*c(y) + r(y). Let v be o(6). Let s(k) = -5*k - 1. Give s(v).
-6
Let u(y) = -y. Let a be u(3). Let t(w) = -w**3 - 3*w**2 - 5*w - 4. Determine t(a).
11
Suppose -u - u = -4*x + 10, -x + 3 = 0. Let b(n) = 5*n**2 - n + 1. What is b(u)?
5
Let h(q) = -q**3 - 4*q**2 + q. Let d be (2 - 1)*-1 + 2. Suppose 0 = 5*j - 5*k - 5, k + d + 4 = 0. Determine h(j).
-4
Let b(u) be the third derivative of u**5/60 - u**4/24 + 5*u**3/6 - 27*u**2. Calculate b(0).
5
Let b(f) = -f**3 - 2*f**2 + 3*f - 3. Let z(k) = -k**2 + k + 3. Let a(c) = -c**3 - 4*c**2 - 3*c + 3. Let v be a(-3). Let x be z(v). What is b(x)?
-3
Let k(z) be the first derivative of z**4/4 - 2*z**3/3 + 2*z + 2. Let s be k(2). Let r(h) = -s*h + 2*h + h. Calculate r(3).
3
Suppose -3*c = -4*v - 4*c - 36, -c = 0. Let y be 4 - 1 - v/3. Let d(k) = -k**2 + 6*k. What is d(y)?
0
Let r = -148 + 142. Let q(u) = u**3 + 7*u**2 + 3*u - 6. Determine q(r).
12
Let o(h) = -h**2 + 5*h + 5. Suppose 1 - 33 = -8*j. Calculate o(j).
9
Let w(o) = o**2 + 11 + 12*o - 20*o + 7*o. Give w(0).
11
Let h(v) = v - 2*v + 2*v + 2. Suppose -1 = -3*x - 28. Let p = -4 -